of 191849160?
9
What is the units digit of 229036628?
8
What is the hundred thousands digit of 54985268?
9
What is the ten millions digit of 84130459?
8
What is the ten millions digit of 186638610?
8
What is the hundred thousands digit of 266774560?
7
What is the millions digit of 1399804?
1
What is the hundred thousands digit of 226106322?
1
What is the units digit of 21445863?
3
What is the ten thousands digit of 139729836?
2
What is the ten thousands digit of 2096714002?
1
What is the units digit of 451469106?
6
What is the billions digit of 1273729393?
1
What is the hundred thousands digit of 3025339693?
3
What is the thousands digit of 379512083?
2
What is the tens digit of 220294575?
7
What is the hundred thousands digit of 119667396?
6
What is the hundreds digit of 144074676?
6
What is the thousands digit of 506006688?
6
What is the thousands digit of 3671318381?
8
What is the hundreds digit of 1868969132?
1
What is the hundred thousands digit of 272343754?
3
What is the hundreds digit of 1210215285?
2
What is the millions digit of 166558086?
6
What is the units digit of 112683167?
7
What is the units digit of 1104569648?
8
What is the hundred thousands digit of 92794288?
7
What is the hundreds digit of 3161897252?
2
What is the hundreds digit of 225166932?
9
What is the ten millions digit of 5994456056?
9
What is the hundreds digit of 943953938?
9
What is the hundred thousands digit of 306673941?
6
What is the hundred millions digit of 4825489931?
8
What is the units digit of 68226136?
6
What is the hundreds digit of 27845172?
1
What is the thousands digit of 965502566?
2
What is the thousands digit of 124350802?
0
What is the hundreds digit of 670447793?
7
What is the hundred thousands digit of 173118387?
1
What is the ten thousands digit of 7367367?
6
What is the millions digit of 108414395?
8
What is the hundreds digit of 918973603?
6
What is the thousands digit of 2664821?
4
What is the hundred thousands digit of 1339525004?
5
What is the hundred millions digit of 106447958?
1
What is the tens digit of 79995578?
7
What is the thousands digit of 5064625314?
5
What is the hundred thousands digit of 247653776?
6
What is the millions digit of 46776142?
6
What is the ten thousands digit of 402977507?
7
What is the units digit of 1245803804?
4
What is the tens digit of 124048363?
6
What is the ten thousands digit of 79435652?
3
What is the ten thousands digit of 122915254?
1
What is the tens digit of 58050580?
8
What is the ten thousands digit of 2883702986?
0
What is the units digit of 31100286?
6
What is the hundred millions digit of 2964475788?
9
What is the millions digit of 134755285?
4
What is the thousands digit of 1038023656?
3
What is the ten thousands digit of 93359180?
5
What is the units digit of 146645513?
3
What is the millions digit of 73140100?
3
What is the tens digit of 876506930?
3
What is the hundred thousands digit of 81507807?
5
What is the hundred millions digit of 913605969?
9
What is the tens digit of 124427638?
3
What is the tens digit of 2372956303?
0
What is the millions digit of 184203652?
4
What is the ten millions digit of 4991873204?
9
What is the units digit of 1618955?
5
What is the ten millions digit of 61548048?
6
What is the hundreds digit of 1334083177?
1
What is the thousands digit of 4853568219?
8
What is the billions digit of 1363817395?
1
What is the hundred millions digit of 135924498?
1
What is the units digit of 282739914?
4
What is the units digit of 338005508?
8
What is the hundred thousands digit of 1270186244?
1
What is the ten millions digit of 152027154?
5
What is the ten millions digit of 311366743?
1
What is the hundreds digit of 3272992871?
8
What is the units digit of 175429964?
4
What is the tens digit of 2715640930?
3
What is the hundred thousands digit of 618864357?
8
What is the ten thousands digit of 25446799?
4
What is the ten thousands digit of 95213149?
1
What is the ten thousands digit of 107880297?
8
What is the thousands digit of 4910527632?
7
What is the hundred thousands digit of 163356787?
3
What is the tens digit of 161209893?
9
What is the tens digit of 20502371?
7
What is the billions digit of 3533035520?
3
What is the tens digit of 392613174?
7
What is the hundred thousands digit of 42044514?
0
What is the ten thousands digit of 142637388?
3
What is the hundred thousands digit of 861382224?
3
What is the thousands digit of 13339649?
9
What is the tens digit of 66328125?
2
What is the ten millions digit of 9298789919?
9
What is the thousands digit of 203270873?
0
What is the hundreds digit of 686640496?
4
What is the tens digit of 143648053?
5
What is the hundred thousands digit of 203633226?
6
What is the millions digit of 668471302?
8
What is the hundreds digit of 3924121428?
4
What is the millions digit of 8639475?
8
What is the units digit of 137968183?
3
What is the ten thousands digit of 85273269?
7
What is the hundreds digit of 437434449?
4
What is the ten millions digit of 630954323?
3
What is the tens digit of 160120347?
4
What is the thousands digit of 164746763?
6
What is the thousands digit of 469443709?
3
What is the ten thousands digit of 8765012?
6
What is the ten millions digit of 65161503?
6
What is the hundred thousands digit of 903855012?
8
What is the hundred thousands digit of 317028553?
0
What is the billions digit of 3597910974?
3
What is the hundreds digit of 2742023982?
9
What is the ten millions digit of 70494792?
7
What is the millions digit of 2410359276?
0
What is the ten millions digit of 102227786?
0
What is the thousands digit of 64171902?
1
What is the hundreds digit of 160853465?
4
What is the hundreds digit of 4409352640?
6
What is the thousands digit of 8644425?
4
What is the tens digit of 1645374030?
3
What is the billions digit of 3034966023?
3
What is the thousands digit of 2859437798?
7
What is the thousands digit of 49020603?
0
What is the ten millions digit of 629331916?
2
What is the tens digit of 600739191?
9
What is the ten thousands digit of 485420180?
2
What is the hundreds digit of 2032697903?
9
What is the tens digit of 16128222?
2
What is the ten thousands digit of 35648904?
4
What is the hundreds digit of 661978150?
1
What is the millions digit of 391635076?
1
What is the hundred thousands digit of 408649363?
6
What is the hundred thousands digit of 3611059126?
0
What is the hundred millions digit of 4878967583?
8
What is the hundred millions digit of 6408529979?
4
What is the units digit of 118059717?
7
What is the hundred thousands digit of 27109433?
1
What is the billions digit of 2439013383?
2
What is the ten thousands digit of 203313371?
1
What is the thousands digit of 912173488?
3
What is the ten millions digit of 78444822?
7
What is the units digit of 1745289763?
3
What is the hundred millions digit of 247122929?
2
What is the ten thousands digit of 704085220?
8
What is the units digit of 220433827?
7
What is the ten millions digit of 967276630?
6
What is the hundred thousands digit of 5547527?
5
What is the tens digit of 17917705?
0
What is the hundred millions digit of 661185965?
6
What is the millions digit of 832339871?
2
What is the tens digit of 87906004?
0
What is the millions digit of 1458640746?
8
What is the ten thousands digit of 246295516?
9
What is the tens digit of 91730996?
9
What is the units digit of 286031308?
8
What is the tens digit of 42702282?
8
What is the hundred millions digit of 277843354?
2
What is the hundred thousands digit of 23596126?
5
What is the thousands digit of 2268969746?
9
What is the ten thousands digit of 7189351656?
5
What is the millions digit of 350558241?
0
What is the ten thousands digit of 15749755?
4
What is the ten millions digit of 407714359?
0
What is the ten thousands digit of 20797253?
9
What is the units digit of 33016573?
3
What is the ten millions digit of 51365591?
5
What is the tens digit of 116937372?
7
What is the thousands digit of 32810519?
0
What is the hundred thousands digit of 8478775?
4
What is the tens digit of 147360159?
5
What is the thousands digit of 331964427?
4
What is the hundreds digit of 330484049?
0
What is the tens digit of 1263738?
3
What is the hundreds digit of 39503152?
1
What is the units digit of 168077392?
2
What is the